11.
-4486
-428 (base 16) to base 9
-1412
Convert b367 (base 15) to base 12.
19b21
Convert 371 (base 15) to base 7.
2164
What is 453 (base 10) in base 8?
705
341 (base 11) to base 12
2a0
-103 (base 13) to base 5
-1142
Convert 1001122 (base 3) to base 10.
773
Convert ce (base 16) to base 8.
316
What is 207 (base 13) in base 11?
294
Convert -1015 (base 11) to base 6.
-10123
What is -702 (base 8) in base 7?
-1212
Convert -13121 (base 5) to base 15.
-491
What is -10210022 (base 3) in base 12?
-1722
Convert 1633 (base 10) to base 8.
3141
What is 15 (base 12) in base 4?
101
What is 220020212 (base 3) in base 2?
100010100010001
What is -65ab (base 13) in base 3?
-201102202
-2328 (base 9) to base 6
-11555
-1486 (base 9) to base 8
-2153
-64435 (base 7) to base 11
-11026
What is 170 (base 16) in base 15?
198
What is -1827c (base 15) in base 5?
-10000232
252502 (base 6) to base 16
5876
What is 56 (base 9) in base 7?
102
What is -1250 (base 11) in base 10?
-1628
What is 5071 (base 8) in base 16?
a39
-1115 (base 7) to base 10
-404
-1763 (base 11) to base 12
-1373
Convert 134302 (base 6) to base 12.
7392
Convert -1b9 (base 13) to base 9.
-386
Convert -3422 (base 7) to base 15.
-57b
What is -2b6 (base 15) in base 6?
-2513
311 (base 12) to base 6
2021
130220 (base 5) to base 11
3890
559 (base 15) to base 2
10010111001
Convert -74d (base 16) to base 4.
-131031
Convert 526 (base 9) to base 3.
120220
What is 18a (base 11) in base 8?
333
Convert -49fc (base 16) to base 9.
-27874
Convert -10010001101111 (base 2) to base 9.
-13713
Convert 3322223 (base 4) to base 12.
934b
-12253 (base 8) to base 4
-1102223
-1010011110 (base 2) to base 11
-55a
What is -2113 (base 5) in base 14?
-163
What is -13320230 (base 4) in base 15?
-9885
What is 2408 (base 10) in base 9?
3265
3894 (base 11) to base 9
6846
a574 (base 11) to base 9
21171
What is 120 (base 8) in base 13?
62
2302330 (base 4) to base 5
331302
-4242322 (base 5) to base 3
-10122012101
8378 (base 12) to base 14
532c
What is 10a3 (base 11) in base 14?
752
What is -110100011101 (base 2) in base 16?
-d1d
What is 351543 (base 6) in base 8?
73027
Convert 4a59 (base 13) to base 3.
112110211
What is 101001101 (base 2) in base 5?
2313
Convert 1106 (base 7) to base 10.
398
490 (base 12) to base 13
408
What is a44 (base 13) in base 10?
1746
Convert 23125 (base 6) to base 15.
e98
Convert -82e (base 16) to base 13.
-c51
-254 (base 11) to base 7
-610
-5b (base 16) to base 4
-1123
850 (base 9) to base 7
2010
34230 (base 6) to base 13
2286
1003230 (base 4) to base 3
12221110
What is -45421 (base 8) in base 12?
-b155
What is 181 (base 14) in base 6?
1233
What is -242 (base 14) in base 12?
-316
What is -8b69 (base 16) in base 13?
-13324
What is 15a8 (base 12) in base 9?
3472
-4bf1 (base 16) to base 9
-28601
1245 (base 7) to base 6
2110
-21020001 (base 3) to base 7
-21232
Convert -463 (base 14) to base 16.
-367
101201 (base 3) to base 6
1201
-13857 (base 9) to base 4
-2103220
219 (base 13) to base 8
550
Convert -6e8 (base 16) to base 6.
-12104
What is 1719 (base 10) in base 8?
3267
What is -40542 (base 8) in base 9?
-24857
Convert 624 (base 7) to base 9.
376
Convert 6a11 (base 11) to base 10.
9208
-101100 (base 3) to base 7
-546
What is -113343 (base 6) in base 11?
-744a
1016 (base 13) to base 10
2216
Convert 12030012 (base 4) to base 16.
6306
What is 1253 (base 6) in base 2?
101000001
What is 7b07 (base 14) in base 2?
101001101111011
25223 (base 10) to base 8
61207
-220120 (base 3) to base 13
-3c0
What is 38d (base 15) in base 6?
3424
Convert -247 (base 11) to base 15.
-148
Convert -10002111 (base 4) to base 6.
-204313
What is -5c (base 16) in base 6?
-232
Convert -44044 (base 6) to base 11.
-4624
Convert 442 (base 10) to base 5.
3232
-115452 (base 6) to base 2
-10100001011000
What is 11212210 (base 3) in base 16?
de6
-127 (base 10) to base 2
-1111111
Convert d294 (base 15) to base 6.
541504
What is 21310 (base 7) in base 15?
1884
What is 13491 (base 11) in base 5?
1103333
Convert -1250555 (base 6) to base 14.
-1b179
Convert 1152 (base 6) to base 11.
239
What is 2032022 (base 5) in base 4?
20021223
-15452 (base 7) to base 12
-2625
475 (base 13) to base 3
1001121
3aa (base 12) to base 8
1062
What is -15642 (base 7) in base 12?
-26a0
What is 1043123 (base 5) in base 13?
8590
Convert -173a0 (base 11) to base 13.
-b174
Convert -406 (base 12) to base 7.
-1461
What is 1e1 (base 15) in base 6?
2004
What is 874 (base 16) in base 6?
14004
-40da (base 15) to base 11
-a32a
-244221 (base 6) to base 12
-10671
Convert -110101000000 (base 2) to base 15.
-1012
What is -111011010100 (base 2) in base 7?
-14032
Convert -11deb (base 15) to base 2.
-1101111100111010
What is 30602 (base 9) in base 4?
10323023
What is 907 (base 10) in base 3?
1020121
Convert -4033 (base 5) to base 14.
-290
Convert -e (base 16) to base 4.
-32
-10523 (base 8) to base 15
-14aa
What is -252013 (base 6) in base 13?
-a2c9
Convert -1450 (base 6) to base 14.
-1dc
120430 (base 6) to base 12
6116
379b (base 12) to base 6
45115
-1074 (base 8) to base 11
-480
What is -1021212 (base 3) in base 11?
-786
Convert 244 (base 6) to base 13.
79
What is 10000101110 (base 2) in base 12?
752
671 (base 10) to base 3
220212
What is 5a42 (base 13) in base 11?
9622
What is -40054 (base 6) in base 12?
-302a
-34628 (base 11) to base 15
-ec38
What is 25165 (base 12) in base 13?
19baa
Convert -2604 (base 7) to base 14.
-504
-6630 (base 10) to base 3
-100002120
Convert 201302 (base 4) to base 7.
6206
What is 11521 (base 6) in base 5?
23310
What is 285 (base 16) in base 14?
341
Convert -820 (base 12) to base 16.
-498
3100 (base 4) to base 10
208
Convert 1110101000 (base 2) to base 7.
2505
What is 311d (base 15) in base 10?
10378
-11121100 (base 3) to base 7
-12534
What is 1a760 (base 11) in base 16?
70c0
What is -4323 (base 12) in base 3?
-101010000
Convert -102121 (base 4) to base 5.
-14202
What is 200435 (base 6) in base 9?
23505
Convert -2325 (base 6) to base 9.
-678
Convert 5310 (base 7) to base 16.
74d
What is -2a085 (base 12) in base 16?
-e5e5
Convert 6774 (base 10) to base 14.
267c
What is 2122002202 (base 3) in base 4?
30221321
Convert 2057 (base 10) to base 6.
13305
2a1 (base 16) to base 10
673
What is 3024 (base 5) in base 4?
12011
What is -1710 (base 9) in base 8?
-2431
What is 249 (base 16) in base 15?
290
Convert -442 (base 11) to base 13.
-31a
Convert -2154 (base 7) to base 10.
-774
379 (base 10) to base 11
315
Convert -2a (base 15) to base 9.
-44
What is -475 (base 8) in base 4?
-10331
Convert 122312 (base 4) to base 11.
1322
Convert -10221102 (base 3) to base 5.
-42443
What is -a928 (base 15) in base 6?
-433445
Convert -1210120 (base 3) to base 6.
-10023
What is 2101 (base 7) in base 4?
23200
13242 (base 7) to base 14
1422
137 (base 11) to base 15
ab
What is 213513 (base 6) in base 16?
4515
What is 35a5 (base 13) in base 4?
1312103
Convert 106731 (base 8) to base 7.
210604
What is -126 (base 13) in base 8?
-311
What is -2a32 (base 16) in base 13?
-4bbc
120212102 (base 3) to base 10
11567
Convert -a9 (base 13) to base 12.
-b7
Convert -197d (base 14) to base 9.
-6302
What is 1100101000 (base 2) in base 6?
3424
101101011 (base 2) to base 10
363
Convert -11011111110001 (base 2) to base 3.
-201122102
-14611 (base 9) to base 11
-7547
-380 (base 9) to base 10
-315
Convert 11441 (base 5) to base 10.
871
What is -58e (base 15) in base 9?
-1648
2938 (base 11) to base 6
25320
Convert 4a4 (base 15) to base 11.
879
25 (base 9) to base 12
1b
What is 23a (base 16) in base 8?
1072
Convert 3371 (base 13) to base 5.
212230
What is 5348 (base 9) in base 13?
1a36
What is -2675 (base 8) in base 16?
-5bd
What is -36132 (base 8) in base 2?
-11110001011010
13423 (base 6) to base 10
2103
What is 1011100001 (base 2) in base 7?
2102
Convert -3056 (base 7) to base 4.
-100232
-859 (base 13) to base 14
-73c
What is 1164 (base 9) in base 14?
460
Convert -a33 (base 12) to base 15.
-689
1300 (base 7) to base 4
13222
Convert 111210 (base 3) to base 4.
11310
What is 433 (base 5) in base 2?
1110110
Convert -10a32 (base 11) to base 9.
-23711
Convert -4023 (base 5) to base 7.
-1332
Convert 4c (base 13) to base 14.
48
-272 (base 13) to base 2
-110101111
31203 (base 6) to base 2
1000001010011
What is 1132223 (base 4) in base 